*c = -24. Suppose -5*y = -l*y + 24. What is the units digit of y?
6
Suppose -5*n - 48 = -3*b + 15, 3*b - 2*n = 63. Suppose -4*t + b = -t. What is the units digit of t?
7
Suppose v = 5*w + 195, 11*w - 203 = -v + 8*w. What is the hundreds digit of v?
2
Let d = 74 - 11. What is the tens digit of d?
6
Let i be 8 - (-4 + (-1 - -2)). Let m = 21 + i. What is the units digit of m?
2
Let i = -3 + 4. Let m be i/4 - 11/(-4). Let d = m + -2. What is the units digit of d?
1
Suppose i - 35 = -x, 50 = i + 3*x - 5*x. Suppose -4*l + i = l. What is the units digit of l?
8
Let f be (-33)/(-18) + (-2)/(-12). Suppose 3*a + 2*a - t = 36, -f*a - t = -13. Let r = a + -4. What is the units digit of r?
3
What is the tens digit of ((-1)/3)/(-1) - (-10336)/114?
9
Let o(a) = 2*a**2 - 3*a**3 + a + 4*a**2 + 2*a**3 - a**2 - 1. What is the units digit of o(5)?
4
Suppose 0 = -2*a + 6, -3*t + 7*t + 2*a - 42 = 0. What is the units digit of t?
9
Let f = 32 - 14. What is the tens digit of f?
1
Let r = -7 - -57. What is the tens digit of r?
5
Let u = -48 + 9. Let h = 68 + u. Let i = 40 - h. What is the tens digit of i?
1
Let f(w) = -6*w - 7. What is the tens digit of f(-7)?
3
Suppose -7*v = -4*v - 216. What is the tens digit of v?
7
Suppose j = -3*j + 12. Suppose -q - 1 = -4*m, -5*m + 10*m = j*q - 25. What is the tens digit of q?
1
Suppose -57 - 24 = -3*p. What is the tens digit of p?
2
Let w = 22 + -12. Suppose 2*n - 3*n + w = 0. What is the units digit of n?
0
Let o = -8 + -4. Let g = o + 21. What is the units digit of g?
9
Let z = -2 - -2. Let k = z + 4. Suppose -3*b = -k - 8. What is the units digit of b?
4
Suppose 0*q - 28 = -4*q. Suppose -t + 0 = -q. What is the units digit of t?
7
Suppose -2*r + 36 = -0*r. Let o = 2 + 8. Let q = r - o. What is the units digit of q?
8
Let h be (-1)/(-5) - 29/(-5). Suppose -26 = -2*y - h. What is the units digit of y?
0
Suppose 229 = 5*m + 74. What is the units digit of m?
1
Let w = -6 + 73. What is the tens digit of w?
6
What is the units digit of ((-27)/(-6))/((-3)/(-104))?
6
Suppose -4 = -a - y, 0*a + 2*a + y = 10. Let k(g) = 2*g - 6. Let x be k(4). Suppose -p - x*p = -a. What is the units digit of p?
2
Let o be 6/(2 + 15/(-12)). Let d = -11 + o. What is the units digit of d/((-6)/14) + -1?
6
Let s(v) be the first derivative of v**2/2 - 5. Let n(q) = -3*q + 1. Let o be n(-1). What is the units digit of s(o)?
4
Let p(h) = h**2 + 9*h + 9. Let g be p(-10). Suppose 2*m - 12 = 3*k, -k - 15 = -4*m + g. What is the units digit of m?
9
Suppose 0 = n + 4, 2*q - 96 = n + n. What is the units digit of q?
4
Let p = 59 + -19. What is the tens digit of p/(-25)*15/(-2)?
1
Let m = 5 - 5. Suppose -5*c = -5*h + h + 7, m = 4*h + 3*c - 15. What is the units digit of h?
3
Let a be (-1)/3*0 - -8. Suppose -j - j = a. What is the units digit of (2 - -7) + j/2?
7
Let a(s) = -s**2 + s - 3. Let k be a(-3). Let r be k/(-2)*(-4)/(-3). Suppose -r = -v + 2*p, 4*p - 8 = -0*p. What is the units digit of v?
4
What is the units digit of 330/18 + (-4)/(-6)?
9
Let h(i) = 4*i**3 - i**2. Let l be h(-1). Let m = l + 15. What is the units digit of m?
0
Let l = 4 - -2. What is the units digit of 400/15 - (-2)/l?
7
Suppose -20 = -5*c, 5*c - 19 = 2*q - q. What is the tens digit of (26/(-1))/(q + -3)?
1
Let j = -6 + 7. What is the units digit of 4 + j - (1 - 0)?
4
Let q(r) = -r**3 + 10*r**2 + 2*r - 15. Let x be q(10). Suppose 11 = x*m + 31, -224 = -5*n + m. What is the units digit of n?
4
Let l = 17 + 2. Suppose -2*a = -a - l. What is the units digit of a?
9
What is the hundreds digit of 224 + (-2)/(-4)*-4 + 1?
2
Suppose 0 = c - 4*c - 3. Let s(w) = 2*w**2 + 2*w + 1. What is the units digit of s(c)?
1
Let s(p) = 2*p**2 + 7*p - 5. Let g(l) = -4*l + 6. Let q be g(3). What is the units digit of s(q)?
5
Let u(f) = f**3 - 7*f**2 - 4*f + 10. What is the units digit of u(8)?
2
Suppose -2*b + 6*b - 48 = 0. Suppose v - 2*v = -b. What is the units digit of v?
2
Let g(b) = b + 95. What is the tens digit of g(0)?
9
Suppose 2*c + 0 = -f + 1, 2*c - 31 = 5*f. Suppose 0 = -0*q - 5*q + 2*o + 73, 3*o - c = 0. What is the tens digit of q?
1
Let m be 4/3 + (-2)/6. Let h be 2/(-4)*(5 - m). What is the units digit of (h - (-1 - 4)) + -2?
1
Let a = 34 - 5. What is the tens digit of a?
2
Suppose 0 = 9*t - 8*t - 14. What is the units digit of t?
4
Suppose 2 = 3*z - 16. What is the units digit of z?
6
Let r(j) = -j + 29. What is the tens digit of r(-6)?
3
Let n = -11 - -17. Let c = 0 + n. What is the units digit of (-3 + 2)/((-3)/c)?
2
Suppose 0 = -2*l - 6. Let h be (4/l)/(3/63). Let m = h - -46. What is the tens digit of m?
1
Suppose -4 - 12 = -4*z - 4*r, 3*r = 6. Let b = 3 + z. What is the units digit of b?
5
Suppose -5*f = -3 - 22. Suppose -w - 8 = f*m, -10 = -8*w + 4*w + m. Suppose 8 = -4*n, -j + 6 = 3*n - w*n. What is the units digit of j?
8
Let d be (-4 - -2)*(-15)/6. Suppose -d*x + 4 = -1. What is the units digit of x?
1
Suppose -2*w - 5*t + 111 = 0, -5*t = 3*w - 262 + 103. Suppose 3*d = -5*k + w, -d + 2*d = 4*k - 35. What is the units digit of k?
9
Let t(c) = c**2 - 11*c - 13. What is the units digit of t(14)?
9
Let f = 20 - 17. What is the units digit of (f - 1)/(1 - -1)?
1
Suppose 5*o - 2*o - 15 = 0, 0 = -3*n + 5*o + 308. What is the hundreds digit of n?
1
Suppose -4*y + 191 + 9 = 0. What is the units digit of y?
0
Let b be -10*(-3)/12*2. What is the units digit of 1*(-1 + 1 + b)?
5
Let z = -9 - -13. Let x = z + -6. What is the units digit of ((-8)/(-6))/(x/(-3))?
2
Let l(r) = -2*r**3 - 9*r**2 - 7*r + 9. What is the units digit of l(-6)?
9
Suppose 28*r - 375 = 23*r. What is the units digit of r?
5
Let j(a) = a. Let b be j(2). Let x(r) = -8*r - 2. Let w(g) = -g - 1. Let c(h) = 4*w(h) - x(h). What is the units digit of c(b)?
6
Let n = -321 - -639. What is the tens digit of n?
1
Let k be 3 + -2 + 0 + 11. What is the units digit of k + (-3 + 1)*-1?
4
What is the tens digit of -6 - -193 - -1*6/3?
8
Let a(d) = 2*d - 2. Let l be a(-3). Let v be (1/((-1)/l))/2. Suppose 3*x - 5 = -5*k, 3*x - v*k - 10 - 13 = 0. What is the units digit of x?
5
Let a = 2 + 4. What is the units digit of 213/a + 1/(-2)?
5
Let v(o) = o**2 + 5*o - 2. Let m be v(-5). Let c = 27 - m. What is the tens digit of c?
2
Let o = -95 - -188. What is the units digit of o?
3
What is the tens digit of 196/3 - (-14)/21?
6
Suppose 0*d - 1110 = -6*d. What is the hundreds digit of d?
1
Suppose 0 = 4*f - 6*f + 4. Suppose -12 = -4*p, 2*l = -0*l + f*p. What is the units digit of (2 + -1)*3/l?
1
Let k(c) = -c + 4. What is the units digit of k(-7)?
1
Suppose 4*f - 12 = 2*m + m, 12 = 4*f + 3*m. What is the units digit of 4/(-2*(-1)/f)?
6
Let p = 5 + -10. Let g be 1*(-18)/p*5. Let t = -10 + g. What is the units digit of t?
8
Let z(o) = 26*o - 9. What is the tens digit of z(7)?
7
Let v = 69 - -5. What is the tens digit of v?
7
Let p(c) = 2*c**2 - 5*c - 1. What is the tens digit of p(-3)?
3
Let j(v) be the third derivative of v**6/120 - 3*v**5/20 - v**4/4 - v**3/3 - 2*v**2. What is the tens digit of j(10)?
3
Let j be (-4)/(-3)*(-3)/(-2). Let q be 1*(-4 + (4 - j)). What is the units digit of 2 - (q - -2) - -1?
3
Suppose -5*q - 2*s - 2 = 0, -3*q + 5*s = -5*q + 16. Let r be q/(-8) + (-9)/4. What is the units digit of ((-5)/(-2))/(r/(-4))?
5
Suppose -4*u = -2*n - 8, -5*u + 2 - 6 = n. Suppose -2*a - a - 4*p + 6 = 0, u = p. Suppose -k - 15 = -a*k. What is the tens digit of k?
1
Let k(y) = -y**2 - 5*y + 8. Let w be (-6)/21 - 80/14. Let o be k(w). Suppose 0 = o*i - 6*i + 28. What is the units digit of i?
7
Suppose -2*p = -5*b + 385 - 85, b - 43 = -3*p. What is the units digit of b?
8
Let m be 226/7 - (-6)/(-21). Suppose -2*z = 4*b - m, 4*b - 10 = b + 2*z. What is the units digit of b?
6
Let i(b) = 2*b**2 - 4*b - 3. What is the units digit of i(5)?
7
Suppose 0*g = -2*g + 26. What is the tens digit of g?
1
Let z = 246 + -47. What is the hundreds digit of z?
1
What is the units digit of (30/(-8))/((-27)/288)?
0
Suppose d - 135 = -7*x + 3*x, 5*x - 3*d = 190. What is the units digit of x?
5
Let q(g) = g**2 + 12*g - 33. What is the units digit of q(-26)?
1
Suppose -4*m - 2*w = -198, 2*w = 4*m + 6*w - 200. Let s = m + -28. Let v = s + -14. What is the units digit of v?
7
Let b = -6 + 14. What is the units digit of b?
8
Let o = -19 + 13. Suppose 0 = 40*b - 37*b + 21. Wh